What is the ten thousands digit of 1471469900?
6
What is the thousands digit of 387962189?
2
What is the millions digit of 110737980?
0
What is the ten millions digit of 1644921629?
4
What is the units digit of 100581855?
5
What is the ten millions digit of 3139917881?
3
What is the hundreds digit of 140789381?
3
What is the hundred millions digit of 1742032454?
7
What is the tens digit of 66983800?
0
What is the hundred thousands digit of 543569334?
5
What is the hundreds digit of 7675489?
4
What is the ten millions digit of 58860711?
5
What is the ten millions digit of 365840762?
6
What is the units digit of 114189073?
3
What is the hundreds digit of 50525589?
5
What is the thousands digit of 96340382?
0
What is the hundred thousands digit of 234218125?
2
What is the ten thousands digit of 1318746010?
4
What is the units digit of 811091307?
7
What is the tens digit of 9632787?
8
What is the ten thousands digit of 23611382?
1
What is the thousands digit of 3636339?
6
What is the ten thousands digit of 811770760?
7
What is the units digit of 103722629?
9
What is the ten thousands digit of 9883924?
8
What is the ten thousands digit of 154005513?
0
What is the hundred thousands digit of 49273117?
2
What is the hundred thousands digit of 6256268877?
2
What is the ten thousands digit of 58835774?
3
What is the thousands digit of 83851971?
1
What is the thousands digit of 2976675?
6
What is the hundred thousands digit of 1267483183?
4
What is the millions digit of 1566091122?
6
What is the hundred millions digit of 8237870719?
2
What is the units digit of 1081862237?
7
What is the ten thousands digit of 392982054?
8
What is the tens digit of 3810574272?
7
What is the tens digit of 3521641219?
1
What is the ten thousands digit of 167052620?
5
What is the hundred millions digit of 1732265691?
7
What is the tens digit of 33630092?
9
What is the thousands digit of 288272235?
2
What is the units digit of 3536143443?
3
What is the hundreds digit of 1148546?
5
What is the hundreds digit of 2217355504?
5
What is the ten millions digit of 1161951624?
6
What is the millions digit of 44630489?
4
What is the ten thousands digit of 73531550?
3
What is the ten millions digit of 32082355?
3
What is the ten thousands digit of 70657949?
5
What is the units digit of 79239373?
3
What is the millions digit of 511850764?
1
What is the hundred millions digit of 247846298?
2
What is the hundred thousands digit of 258172647?
1
What is the hundred thousands digit of 109222585?
2
What is the ten thousands digit of 4563240502?
4
What is the ten millions digit of 22496820?
2
What is the thousands digit of 145664001?
4
What is the millions digit of 131405400?
1
What is the hundred thousands digit of 73260377?
2
What is the hundred thousands digit of 5978901?
9
What is the ten millions digit of 87439584?
8
What is the millions digit of 4937415619?
7
What is the ten thousands digit of 62078267?
7
What is the hundred millions digit of 689626002?
6
What is the thousands digit of 1015660765?
0
What is the hundred millions digit of 186445342?
1
What is the hundreds digit of 26252813?
8
What is the units digit of 58796528?
8
What is the hundred millions digit of 173274847?
1
What is the thousands digit of 1930417041?
7
What is the thousands digit of 138989249?
9
What is the millions digit of 5778596890?
8
What is the ten thousands digit of 619969683?
6
What is the hundred millions digit of 545003280?
5
What is the millions digit of 39699497?
9
What is the hundred thousands digit of 57081921?
0
What is the thousands digit of 761829676?
9
What is the hundred thousands digit of 57551753?
5
What is the hundred thousands digit of 1162148630?
1
What is the units digit of 225243326?
6
What is the hundred millions digit of 674838525?
6
What is the millions digit of 233861067?
3
What is the hundreds digit of 58182753?
7
What is the hundred millions digit of 227002545?
2
What is the ten millions digit of 2828750369?
2
What is the tens digit of 97546487?
8
What is the thousands digit of 201785807?
5
What is the thousands digit of 82781382?
1
What is the millions digit of 47828006?
7
What is the ten millions digit of 244552236?
4
What is the hundreds digit of 27932970?
9
What is the hundreds digit of 81228240?
2
What is the hundreds digit of 1149170810?
8
What is the units digit of 107818315?
5
What is the hundred thousands digit of 3633877094?
8
What is the tens digit of 2742213346?
4
What is the hundred thousands digit of 180946918?
9
What is the hundred millions digit of 4779165485?
7
What is the thousands digit of 590612867?
2
What is the tens digit of 479161170?
7
What is the hundred thousands digit of 340834089?
8
What is the ten thousands digit of 79147717?
4
What is the tens digit of 29367861?
6
What is the billions digit of 4248318623?
4
What is the hundreds digit of 92145588?
5
What is the ten thousands digit of 115731093?
3
What is the hundreds digit of 1854912241?
2
What is the hundreds digit of 93371706?
7
What is the thousands digit of 150855458?
5
What is the hundred thousands digit of 26078283?
0
What is the millions digit of 4233194464?
3
What is the tens digit of 71857695?
9
What is the hundred thousands digit of 11191578?
1
What is the hundred thousands digit of 318763384?
7
What is the millions digit of 87393556?
7
What is the tens digit of 17656414?
1
What is the hundreds digit of 8526266027?
0
What is the thousands digit of 753920025?
0
What is the units digit of 416665168?
8
What is the ten thousands digit of 186536999?
3
What is the hundreds digit of 57108102?
1
What is the millions digit of 12449022?
2
What is the ten thousands digit of 34950268?
5
What is the ten thousands digit of 3811214775?
1
What is the thousands digit of 57988895?
8
What is the hundred thousands digit of 1013373057?
3
What is the tens digit of 1823069077?
7
What is the units digit of 737105736?
6
What is the thousands digit of 5275626?
5
What is the thousands digit of 144442723?
2
What is the hundreds digit of 278589534?
5
What is the thousands digit of 8926701673?
1
What is the thousands digit of 622530133?
0
What is the tens digit of 5812487590?
9
What is the hundreds digit of 923900749?
7
What is the millions digit of 41543720?
1
What is the ten thousands digit of 3795351764?
5
What is the thousands digit of 102399191?
9
What is the millions digit of 1651573985?
1
What is the thousands digit of 122872006?
2
What is the ten millions digit of 39146310?
3
What is the millions digit of 83912924?
3
What is the ten millions digit of 193778676?
9
What is the thousands digit of 319051575?
1
What is the hundreds digit of 68142636?
6
What is the thousands digit of 139122091?
2
What is the units digit of 27360592?
2
What is the ten thousands digit of 39587591?
8
What is the tens digit of 101873560?
6
What is the thousands digit of 51298803?
8
What is the hundreds digit of 192947669?
6
What is the millions digit of 8975648566?
5
What is the millions digit of 104787366?
4
What is the units digit of 5606238305?
5
What is the millions digit of 92289683?
2
What is the hundred thousands digit of 16614571?
6
What is the hundreds digit of 91738103?
1
What is the thousands digit of 216148186?
8
What is the hundred millions digit of 7419185338?
4
What is the thousands digit of 539149159?
9
What is the tens digit of 251316016?
1
What is the tens digit of 60663979?
7
What is the tens digit of 426982257?
5
What is the thousands digit of 3643010857?
0
What is the hundred millions digit of 175875444?
1
What is the thousands digit of 73329846?
9
What is the millions digit of 177751421?
7
What is the millions digit of 27593934?
7
What is the hundred thousands digit of 1843895934?
8
What is the millions digit of 2867128939?
7
What is the hundred thousands digit of 16953913?
9
What is the hundreds digit of 2037774660?
6
What is the millions digit of 559675145?
9
What is the ten thousands digit of 939062535?
6
What is the ten thousands digit of 154822295?
2
What is the thousands digit of 734440682?
0
What is the ten thousands digit of 3908290?
0
What is the units digit of 58353018?
8
What is the hundred millions digit of 474444428?
4
What is the hundred millions digit of 3352551416?
3
What is the ten millions digit of 36